{"id":20,"date":"2023-11-30T14:06:28","date_gmt":"2023-11-30T13:06:28","guid":{"rendered":"https:\/\/vonallmenberatung.ch\/?page_id=20"},"modified":"2024-03-15T16:00:28","modified_gmt":"2024-03-15T15:00:28","slug":"ueber-uns","status":"publish","type":"page","link":"https:\/\/vonallmenberatung.ch\/?page_id=20","title":{"rendered":"\u00dcber uns"},"content":{"rendered":"\t\t<div data-elementor-type=\"wp-page\" data-elementor-id=\"20\" class=\"elementor elementor-20\">\n\t\t\t\t<div class=\"elementor-element elementor-element-4853812 e-con-full e-flex e-con e-parent\" data-id=\"4853812\" data-element_type=\"container\" data-e-type=\"container\">\n\t\t\t\t<div class=\"elementor-element elementor-element-722a8ef elementor-widget elementor-widget-heading\" data-id=\"722a8ef\" data-element_type=\"widget\" data-e-type=\"widget\" data-widget_type=\"heading.default\">\n\t\t\t\t<div class=\"elementor-widget-container\">\n\t\t\t\t\t<h3 class=\"elementor-heading-title elementor-size-default\">Ein Blick auf unsere Wurzeln.<\/h3>\t\t\t\t<\/div>\n\t\t\t\t<\/div>\n\t\t\t\t<\/div>\n\t\t<div class=\"elementor-element elementor-element-5a6fce3 e-con-full e-flex e-con e-parent\" data-id=\"5a6fce3\" data-element_type=\"container\" data-e-type=\"container\">\n\t\t<div class=\"elementor-element elementor-element-60d9584 e-con-full e-flex e-con e-child\" data-id=\"60d9584\" data-element_type=\"container\" data-e-type=\"container\">\n\t\t\t\t<div class=\"elementor-element elementor-element-a5fc099 elementor-widget elementor-widget-heading\" data-id=\"a5fc099\" data-element_type=\"widget\" data-e-type=\"widget\" data-widget_type=\"heading.default\">\n\t\t\t\t<div class=\"elementor-widget-container\">\n\t\t\t\t\t<h2 class=\"elementor-heading-title elementor-size-default\">\u00dcber uns<\/h2>\t\t\t\t<\/div>\n\t\t\t\t<\/div>\n\t\t\t\t<div class=\"elementor-element elementor-element-3d8cd8c elementor-widget elementor-widget-text-editor\" data-id=\"3d8cd8c\" data-element_type=\"widget\" data-e-type=\"widget\" data-widget_type=\"text-editor.default\">\n\t\t\t\t<div class=\"elementor-widget-container\">\n\t\t\t\t\t\t\t\t\t<p>Seit der Gr\u00fcndung im Jahr 2006 unterst\u00fctzt von Allmen Steuer- und Wirtschaftsberatung Kleinbetriebe, KMU\u2019s und\u00a0<span style=\"color: var( --e-global-color-text ); font-family: var( --e-global-typography-text-font-family ), Sans-serif; font-weight: var( --e-global-typography-text-font-weight ); text-align: var(--text-align);\">Privatpersonen. Unser Fokus liegt auf einer pers\u00f6nlichen, transparenten, flexiblen und nachhaltigen <\/span><span style=\"color: var( --e-global-color-text ); font-family: var( --e-global-typography-text-font-family ), Sans-serif; font-weight: var( --e-global-typography-text-font-weight ); text-align: var(--text-align);\">Zusammenarbeit.<\/span><\/p>\t\t\t\t\t\t\t\t<\/div>\n\t\t\t\t<\/div>\n\t\t\t\t<\/div>\n\t\t\t\t<\/div>\n\t\t<div class=\"elementor-element elementor-element-9ff9c6a e-con-full e-flex e-con e-parent\" data-id=\"9ff9c6a\" data-element_type=\"container\" data-e-type=\"container\">\n\t\t<div class=\"elementor-element elementor-element-c9ec649 e-con-full e-flex e-con e-child\" data-id=\"c9ec649\" data-element_type=\"container\" data-e-type=\"container\">\n\t\t\t\t<div class=\"elementor-element elementor-element-46bafc7 elementor-position-top elementor-widget elementor-widget-image-box\" data-id=\"46bafc7\" data-element_type=\"widget\" data-e-type=\"widget\" data-widget_type=\"image-box.default\">\n\t\t\t\t<div class=\"elementor-widget-container\">\n\t\t\t\t\t<div class=\"elementor-image-box-wrapper\"><figure class=\"elementor-image-box-img\"><img fetchpriority=\"high\" decoding=\"async\" width=\"640\" height=\"853\" src=\"https:\/\/vonallmenberatung.ch\/wp-content\/uploads\/2024\/03\/Adi-768x1024.jpg\" class=\"attachment-medium_large size-medium_large wp-image-196\" alt=\"\" srcset=\"https:\/\/vonallmenberatung.ch\/wp-content\/uploads\/2024\/03\/Adi-768x1024.jpg 768w, https:\/\/vonallmenberatung.ch\/wp-content\/uploads\/2024\/03\/Adi-225x300.jpg 225w, https:\/\/vonallmenberatung.ch\/wp-content\/uploads\/2024\/03\/Adi-1152x1536.jpg 1152w, https:\/\/vonallmenberatung.ch\/wp-content\/uploads\/2024\/03\/Adi-1536x2048.jpg 1536w, https:\/\/vonallmenberatung.ch\/wp-content\/uploads\/2024\/03\/Adi-scaled.jpg 1920w\" sizes=\"(max-width: 640px) 100vw, 640px\" \/><\/figure><div class=\"elementor-image-box-content\"><h3 class=\"elementor-image-box-title\">Adrian von Allmen<\/h3><\/div><\/div>\t\t\t\t<\/div>\n\t\t\t\t<\/div>\n\t\t\t\t<div class=\"elementor-element elementor-element-4fcdac7 elementor-widget elementor-widget-text-editor\" data-id=\"4fcdac7\" data-element_type=\"widget\" data-e-type=\"widget\" data-widget_type=\"text-editor.default\">\n\t\t\t\t<div class=\"elementor-widget-container\">\n\t\t\t\t\t\t\t\t\t<p><a href=\"mailto:vonallmen@vonallmenberatung.ch\">vonallmen@vonallmenberatung.ch<\/a><br \/>Dipl. Steuerexperte<br \/>Buchhalter mit eidg. Fachausweis<br \/>Dozent f\u00fcr finanzielles Rechnungswesen, Finanzierung, Investitonsrechnung und Controlling an der HFW Bern<\/p>\t\t\t\t\t\t\t\t<\/div>\n\t\t\t\t<\/div>\n\t\t\t\t<\/div>\n\t\t<div class=\"elementor-element elementor-element-8e12f9b e-con-full e-flex e-con e-child\" data-id=\"8e12f9b\" data-element_type=\"container\" data-e-type=\"container\">\n\t\t\t\t<div class=\"elementor-element elementor-element-83bdf79 elementor-position-top elementor-widget elementor-widget-image-box\" data-id=\"83bdf79\" data-element_type=\"widget\" data-e-type=\"widget\" data-widget_type=\"image-box.default\">\n\t\t\t\t<div class=\"elementor-widget-container\">\n\t\t\t\t\t<div class=\"elementor-image-box-wrapper\"><figure class=\"elementor-image-box-img\"><img decoding=\"async\" width=\"640\" height=\"853\" src=\"https:\/\/vonallmenberatung.ch\/wp-content\/uploads\/2024\/03\/Brigitte-768x1024.jpg\" class=\"attachment-medium_large size-medium_large wp-image-197\" alt=\"\" srcset=\"https:\/\/vonallmenberatung.ch\/wp-content\/uploads\/2024\/03\/Brigitte-768x1024.jpg 768w, https:\/\/vonallmenberatung.ch\/wp-content\/uploads\/2024\/03\/Brigitte-225x300.jpg 225w, https:\/\/vonallmenberatung.ch\/wp-content\/uploads\/2024\/03\/Brigitte-1152x1536.jpg 1152w, https:\/\/vonallmenberatung.ch\/wp-content\/uploads\/2024\/03\/Brigitte-1536x2048.jpg 1536w, https:\/\/vonallmenberatung.ch\/wp-content\/uploads\/2024\/03\/Brigitte-scaled.jpg 1920w\" sizes=\"(max-width: 640px) 100vw, 640px\" \/><\/figure><div class=\"elementor-image-box-content\"><h3 class=\"elementor-image-box-title\">Brigitte Schneeberger<\/h3><\/div><\/div>\t\t\t\t<\/div>\n\t\t\t\t<\/div>\n\t\t\t\t<div class=\"elementor-element elementor-element-c028d76 elementor-widget elementor-widget-text-editor\" data-id=\"c028d76\" data-element_type=\"widget\" data-e-type=\"widget\" data-widget_type=\"text-editor.default\">\n\t\t\t\t<div class=\"elementor-widget-container\">\n\t\t\t\t\t\t\t\t\t<p><a href=\"mailto:schneeberger@vonallmenberatung.ch\">schneeberger@vonallmenberatung.ch<\/a><br \/>Treuh\u00e4nderin mit eidg. Fachausweis<br \/>Betriebswirtschafterin mit eidg. Fachausweis<\/p>\t\t\t\t\t\t\t\t<\/div>\n\t\t\t\t<\/div>\n\t\t\t\t<\/div>\n\t\t\t\t<\/div>\n\t\t\t\t<\/div>\n\t\t","protected":false},"excerpt":{"rendered":"<p>Ein Blick auf unsere Wurzeln. \u00dcber uns Seit der Gr\u00fcndung im Jahr 2006 unterst\u00fctzt von [&hellip;]<\/p>\n","protected":false},"author":1,"featured_media":0,"parent":0,"menu_order":3,"comment_status":"closed","ping_status":"closed","template":"","meta":{"footnotes":""},"class_list":["post-20","page","type-page","status-publish","hentry"],"_links":{"self":[{"href":"https:\/\/vonallmenberatung.ch\/index.php?rest_route=\/wp\/v2\/pages\/20","targetHints":{"allow":["GET"]}}],"collection":[{"href":"https:\/\/vonallmenberatung.ch\/index.php?rest_route=\/wp\/v2\/pages"}],"about":[{"href":"https:\/\/vonallmenberatung.ch\/index.php?rest_route=\/wp\/v2\/types\/page"}],"author":[{"embeddable":true,"href":"https:\/\/vonallmenberatung.ch\/index.php?rest_route=\/wp\/v2\/users\/1"}],"replies":[{"embeddable":true,"href":"https:\/\/vonallmenberatung.ch\/index.php?rest_route=%2Fwp%2Fv2%2Fcomments&post=20"}],"version-history":[{"count":34,"href":"https:\/\/vonallmenberatung.ch\/index.php?rest_route=\/wp\/v2\/pages\/20\/revisions"}],"predecessor-version":[{"id":200,"href":"https:\/\/vonallmenberatung.ch\/index.php?rest_route=\/wp\/v2\/pages\/20\/revisions\/200"}],"wp:attachment":[{"href":"https:\/\/vonallmenberatung.ch\/index.php?rest_route=%2Fwp%2Fv2%2Fmedia&parent=20"}],"curies":[{"name":"wp","href":"https:\/\/api.w.org\/{rel}","templated":true}]}}

Über uns

<div data-elementor-type="wp-page" data-elementor-id="20" class="elementor elementor-20">
				<div class="elementor-element elementor-element-4853812 e-con-full e-flex e-con e-parent" data-id="4853812" data-element_type="container" data-e-type="container">
				<div class="elementor-element elementor-element-722a8ef elementor-widget elementor-widget-heading" data-id="722a8ef" data-element_type="widget" data-e-type="widget" data-widget_type="heading.default">
				<div class="elementor-widget-container">
					<h3 class="elementor-heading-title elementor-size-default">Ein Blick auf unsere Wurzeln.</h3>				</div>
				</div>
				</div>
		<div class="elementor-element elementor-element-5a6fce3 e-con-full e-flex e-con e-parent" data-id="5a6fce3" data-element_type="container" data-e-type="container">
		<div class="elementor-element elementor-element-60d9584 e-con-full e-flex e-con e-child" data-id="60d9584" data-element_type="container" data-e-type="container">
				<div class="elementor-element elementor-element-a5fc099 elementor-widget elementor-widget-heading" data-id="a5fc099" data-element_type="widget" data-e-type="widget" data-widget_type="heading.default">
				<div class="elementor-widget-container">
					<h2 class="elementor-heading-title elementor-size-default">Über uns</h2>				</div>
				</div>
				<div class="elementor-element elementor-element-3d8cd8c elementor-widget elementor-widget-text-editor" data-id="3d8cd8c" data-element_type="widget" data-e-type="widget" data-widget_type="text-editor.default">
				<div class="elementor-widget-container">
									<p>Seit der Gründung im Jahr 2006 unterstützt von Allmen Steuer- und Wirtschaftsberatung Kleinbetriebe, KMU’s und <span style="color: var( --e-global-color-text ); font-family: var( --e-global-typography-text-font-family ), Sans-serif; font-weight: var( --e-global-typography-text-font-weight ); text-align: var(--text-align);">Privatpersonen. Unser Fokus liegt auf einer persönlichen, transparenten, flexiblen und nachhaltigen </span><span style="color: var( --e-global-color-text ); font-family: var( --e-global-typography-text-font-family ), Sans-serif; font-weight: var( --e-global-typography-text-font-weight ); text-align: var(--text-align);">Zusammenarbeit.</span></p>								</div>
				</div>
				</div>
				</div>
		<div class="elementor-element elementor-element-9ff9c6a e-con-full e-flex e-con e-parent" data-id="9ff9c6a" data-element_type="container" data-e-type="container">
		<div class="elementor-element elementor-element-c9ec649 e-con-full e-flex e-con e-child" data-id="c9ec649" data-element_type="container" data-e-type="container">
				<div class="elementor-element elementor-element-46bafc7 elementor-position-top elementor-widget elementor-widget-image-box" data-id="46bafc7" data-element_type="widget" data-e-type="widget" data-widget_type="image-box.default">
				<div class="elementor-widget-container">
					<div class="elementor-image-box-wrapper"><figure class="elementor-image-box-img"><img fetchpriority="high" decoding="async" width="640" height="853" src="https://vonallmenberatung.ch/wp-content/uploads/2024/03/Adi-768x1024.jpg" class="attachment-medium_large size-medium_large wp-image-196" alt="" srcset="https://vonallmenberatung.ch/wp-content/uploads/2024/03/Adi-768x1024.jpg 768w, https://vonallmenberatung.ch/wp-content/uploads/2024/03/Adi-225x300.jpg 225w, https://vonallmenberatung.ch/wp-content/uploads/2024/03/Adi-1152x1536.jpg 1152w, https://vonallmenberatung.ch/wp-content/uploads/2024/03/Adi-1536x2048.jpg 1536w, https://vonallmenberatung.ch/wp-content/uploads/2024/03/Adi-scaled.jpg 1920w" sizes="(max-width: 640px) 100vw, 640px" /></figure><div class="elementor-image-box-content"><h3 class="elementor-image-box-title">Adrian von Allmen</h3></div></div>				</div>
				</div>
				<div class="elementor-element elementor-element-4fcdac7 elementor-widget elementor-widget-text-editor" data-id="4fcdac7" data-element_type="widget" data-e-type="widget" data-widget_type="text-editor.default">
				<div class="elementor-widget-container">
									<p><a href="mailto:vonallmen@vonallmenberatung.ch">vonallmen@vonallmenberatung.ch</a><br />Dipl. Steuerexperte<br />Buchhalter mit eidg. Fachausweis<br />Dozent für finanzielles Rechnungswesen, Finanzierung, Investitonsrechnung und Controlling an der HFW Bern</p>								</div>
				</div>
				</div>
		<div class="elementor-element elementor-element-8e12f9b e-con-full e-flex e-con e-child" data-id="8e12f9b" data-element_type="container" data-e-type="container">
				<div class="elementor-element elementor-element-83bdf79 elementor-position-top elementor-widget elementor-widget-image-box" data-id="83bdf79" data-element_type="widget" data-e-type="widget" data-widget_type="image-box.default">
				<div class="elementor-widget-container">
					<div class="elementor-image-box-wrapper"><figure class="elementor-image-box-img"><img decoding="async" width="640" height="853" src="https://vonallmenberatung.ch/wp-content/uploads/2024/03/Brigitte-768x1024.jpg" class="attachment-medium_large size-medium_large wp-image-197" alt="" srcset="https://vonallmenberatung.ch/wp-content/uploads/2024/03/Brigitte-768x1024.jpg 768w, https://vonallmenberatung.ch/wp-content/uploads/2024/03/Brigitte-225x300.jpg 225w, https://vonallmenberatung.ch/wp-content/uploads/2024/03/Brigitte-1152x1536.jpg 1152w, https://vonallmenberatung.ch/wp-content/uploads/2024/03/Brigitte-1536x2048.jpg 1536w, https://vonallmenberatung.ch/wp-content/uploads/2024/03/Brigitte-scaled.jpg 1920w" sizes="(max-width: 640px) 100vw, 640px" /></figure><div class="elementor-image-box-content"><h3 class="elementor-image-box-title">Brigitte Schneeberger</h3></div></div>				</div>
				</div>
				<div class="elementor-element elementor-element-c028d76 elementor-widget elementor-widget-text-editor" data-id="c028d76" data-element_type="widget" data-e-type="widget" data-widget_type="text-editor.default">
				<div class="elementor-widget-container">
									<p><a href="mailto:schneeberger@vonallmenberatung.ch">schneeberger@vonallmenberatung.ch</a><br />Treuhänderin mit eidg. Fachausweis<br />Betriebswirtschafterin mit eidg. Fachausweis</p>								</div>
				</div>
				</div>
				</div>
				</div>

<p>Ein Blick auf unsere Wurzeln. Über uns Seit der Gründung im Jahr 2006 unterstützt von [&hellip;]</p>
